11) in base 12?
-420a07a
Convert 1011110010000000010 (base 2) to base 5.
44323200
What is 42440 (base 9) in base 5?
1344222
111289 (base 11) to base 14
488ca
What is -5b5ca (base 16) in base 11?
-236179
-372442 (base 8) to base 16
-1f522
Convert 1f9842 (base 16) to base 15.
2ad799
What is -101111000001110001 (base 2) in base 14?
-502ad
What is 4b4a3 (base 12) in base 4?
121003323
Convert -100100010100000000111101 (base 2) to base 8.
-44240075
-4358365 (base 9) to base 13
-63cc14
11101402 (base 5) to base 6
2025314
What is 118719 (base 10) in base 15?
25299
Convert 2603648 (base 10) to base 12.
a568a8
What is -20121013 (base 4) in base 16?
-8647
-5c654 (base 13) to base 15
-356a2
What is 212424 (base 8) in base 5?
4232212
47260103 (base 8) to base 13
21a164b
What is 1000222120200 (base 3) in base 12?
226916
What is -2121320021 (base 4) in base 15?
-c6b3b
-484a5 (base 13) to base 9
-221837
Convert -77ca18 (base 13) to base 4.
-22302030231
Convert 22221222011 (base 3) to base 8.
530413
213131322 (base 5) to base 10
911462
What is 5454152 (base 6) in base 12?
111358
Convert 1222303 (base 10) to base 11.
765375
What is 68e6d (base 15) in base 6?
11054151
Convert -3225313 (base 7) to base 6.
-12232311
Convert -51451102 (base 7) to base 3.
-22010020001111
2443a5 (base 13) to base 10
866260
Convert -2641300 (base 7) to base 8.
-1244172
Convert 431104303 (base 5) to base 2.
110111011011010001011
Convert 223550410 (base 6) to base 16.
3ea186
13321030 (base 4) to base 11
22323
What is -1114 (base 7) in base 8?
-623
-111335443 (base 6) to base 14
-3ad6dd
Convert 3d467 (base 15) to base 7.
1446415
What is -2dd04d (base 16) in base 5?
-1232034240
What is 136478 (base 14) in base 15?
d39a1
-14692 (base 12) to base 11
-1a560
Convert 35006667 (base 8) to base 3.
112022102001010
What is -8c95 (base 16) in base 14?
-d189
Convert 1354544 (base 6) to base 7.
442024
-2858aa (base 12) to base 13
-1a7709
Convert -70b2e1 (base 15) to base 4.
-110122333003
Convert -12a849 (base 12) to base 5.
-34340133
What is 523124550 (base 6) in base 9?
18123623
What is 1143113142 (base 5) in base 13?
73a368
Convert 442242 (base 12) to base 11.
679a77
What is 201001020101 (base 3) in base 6?
12011314
What is -200f2 (base 16) in base 13?
-47a01
What is -451554220 (base 6) in base 12?
-28bb970
Convert -8300c4 (base 13) to base 8.
-13521073
Convert 106e77d (base 15) to base 3.
211002121210201
What is a372a3 (base 13) in base 3?
21011210110102
2658 (base 12) to base 7
15536
What is 3c18b1 (base 13) in base 4?
11210201100
What is 24242200 (base 5) in base 16?
379d8
What is -1221244400 (base 5) in base 12?
-b87328
Convert 65656 (base 8) to base 3.
1101210222
20000 (base 15) to base 7
601122
What is -2355423 (base 7) in base 14?
-7b2ba
Convert 14985 (base 15) to base 8.
201343
Convert -311112232 (base 4) to base 5.
-23443132
1c68c3 (base 15) to base 2
101010011001000110100
-20210001020202 (base 3) to base 16
-36f9d4
-1944b1 (base 14) to base 3
-1200111101001
-281501 (base 12) to base 11
-415416
221100012120 (base 3) to base 4
1321301202
What is 6111051 (base 8) in base 12?
657a61
What is 11454542 (base 6) in base 11?
22a462
523a230 (base 11) to base 13
1bb5735
What is 5237d0 (base 14) in base 10?
2775738
What is 1525561 (base 9) in base 6?
30031001
Convert -369d9 (base 14) to base 7.
-1064462
Convert -77aae (base 15) to base 3.
-201022211102
What is d2a218 (base 14) in base 9?
14315376
What is -686b0 (base 12) in base 4?
-201333210
Convert 10022111212011 (base 3) to base 13.
498c4c
What is -1b9520a (base 12) in base 9?
-12120831
Convert -2032b30 (base 12) to base 8.
-27023324
Convert -133113113 (base 5) to base 8.
-2450301
What is -61487 (base 14) in base 5?
-24443033
158c4 (base 16) to base 8
254304
10000111010010001 (base 2) to base 16
10e91
Convert a15b10 (base 12) to base 14.
498176
What is -102021122000 (base 3) in base 13?
-7a109
What is 13148762 (base 9) in base 7?
105662114
-980596 (base 11) to base 8
-5765101
Convert 100020302 (base 4) to base 9.
110602
Convert d211de (base 16) to base 8.
64410736
Convert -243251 (base 12) to base 9.
-1083027
Convert -111111000111010001 (base 2) to base 4.
-333013101
2553500 (base 7) to base 6
11043512
Convert -21401 (base 8) to base 14.
-33a1
Convert 3332144 (base 5) to base 11.
3a993
Convert -4185c6 (base 15) to base 7.
-35326551
Convert -786361 (base 9) to base 6.
-14030131
2518211 (base 9) to base 10
1370692
Convert 3107b (base 13) to base 14.
240c6
73262422 (base 8) to base 10
15557906
Convert -635bb (base 14) to base 9.
-405035
322303121022 (base 4) to base 7
245011164
What is 1644e6 (base 15) in base 6?
35033313
What is -163350 (base 10) in base 16?
-27e16
-3a864a4 (base 11) to base 8
-32713231
What is 10000010111100111110 (base 2) in base 9?
1006700
Convert 14520143 (base 7) to base 3.
2121021012022
Convert 11101100010101010000 (base 2) to base 15.
141c46
-449613 (base 10) to base 3
-211211202100
What is -104463 (base 9) in base 15?
-13716
-b7062 (base 12) to base 11
-154574
-53a16 (base 15) to base 13
-93b19
Convert -10620121 (base 10) to base 5.
-10204320441
-205206460 (base 7) to base 16
-b9739d
What is 52834 (base 15) in base 11?
169701
What is 101110110100011000010 (base 2) in base 6?
52514310
Convert 111220031 (base 4) to base 9.
144462
-11110001101010000110011 (base 2) to base 3
-112220022100002
What is -111110000100100100 (base 2) in base 13?
-8b953
Convert 1112031310 (base 4) to base 9.
587367
Convert 2822a99 (base 11) to base 15.
661647
1001000000100011000001 (base 2) to base 5
1101032122
What is 145050504 (base 6) in base 15?
400804
Convert -14a96 (base 12) to base 15.
-89bc
What is 12b96 (base 14) in base 12?
22894
What is -734463 (base 8) in base 11?
-157376
Convert -73221 (base 15) to base 13.
-ca186
What is 100001100111110010000 (base 2) in base 6?
35340304
What is 50582 (base 9) in base 3?
1200122202
What is -2221211221 (base 3) in base 14?
-172dc
Convert 14070 (base 11) to base 14.
7438
What is -187544 (base 13) in base 16?
-9667d
Convert -23231103012 (base 4) to base 12.
-1040146
Convert 16454bb (base 12) to base 2.
10001011100000010001111
8974bb (base 12) to base 6
114535155
What is -47425061 (base 8) in base 4?
-213202220301
What is -1263670 (base 9) in base 16?
-a8db9
-60831b (base 12) to base 3
-2211120120212
195027 (base 14) to base 8
3330453
Convert 2160229 (base 10) to base 15.
2ca104
-30571062 (base 8) to base 13
-1460700
-5c5b8 (base 13) to base 9
-278372
-162173 (base 8) to base 3
-2222020100
Convert 8137134 (base 9) to base 16.
422773
Convert -10224440 (base 5) to base 10.
-86245
Convert -13672743 (base 8) to base 15.
-4168d1
Convert 1245857 (base 9) to base 11.
424a99
Convert 143dd44 (base 14) to base 8.
45407570
2100552 (base 6) to base 15
20035
Convert 10011011000011010110101 (base 2) to base 9.
10503435
Convert 26447053 (base 8) to base 10.
5918251
Convert 4573545 (base 10) to base 9.
8540646
What is 24432233 (base 6) in base 12?
318679
Convert 45b840 (base 16) to base 13.
c3c953
-7d4d (base 14) to base 6
-245013
Convert -11152166 (base 7) to base 4.
-3231000203
Convert 3c950b (base 15) to base 10.
2917136
What is -652732 (base 9) in base 3?
-201202211002
Convert -52281 (base 11) to base 2.
-10010100110100110
Convert -10221112000 (base 3) to base 7.
-442251
19bb6 (base 13) to base 2
1100010010100110
Convert 223043442 (base 5) to base 9.
1764370
What is -293987 (base 11) in base 5?
-104142143
What is 3048603 (base 11) in base 6?
311224452
Convert -d3838 (base 15) to base 2.
-10100011100110010111
223232233 (base 4) to base 12
877a7
-12146400 (base 7) to base 9
-2036700
-24033043 (base 5) to base 8
-657537
-316750 (base 8) to base 16
-19de8
Convert -94330 (base 12) to base 3.
-100212010100
Convert -1435102 (base 8) to base 10.
-408130
525111 (base 6) to base 4
22121203
2111012100 (base 3) to base 4
23331123
What is 122120322000 (base 4) in base 10?
6917760
What is 13440213 (base 5) in base 9?
233110
-387238 (base 9) to base 11
-150568
Convert 623e95 (base 15) to base 5.
2143432130
What is 1022131000 (base 4) in base 9?
514284
What is a9766 (base 13) in base 7?
2415011
What is 1bcc2 (base 13) in base 14?
16026
Convert -1212102121 (base 3) to base 14.
-d57d
Convert 1137454 (base 8) to base 10.
311084
Conver